0, a - 190 = -2*d. List the prime factors of d.
5, 19
Let q be (302/(-3))/((-24)/(-36)). Let a be (-5)/30 + q/(-6). Suppose d - 1 = a. What are the prime factors of d?
2, 13
Let b = 11 + -9. Suppose 49 = 2*k + 3*y, -b = y - 3. What are the prime factors of k?
23
Suppose -9549 = -36*p + 6435. List the prime factors of p.
2, 3, 37
Suppose -4*y - 40 = -2*x, 4*y - 93 = -4*x + 35. Let l be (-2)/7 + 120/x. Suppose 0 = -w + n + 70, -137 = -5*w + l*n + 215. What are the prime factors of w?
2, 3
List the prime factors of (-3*(-10)/15)/(14/17899).
2557
Suppose 3*j - j = q, -j = 2*q. Suppose q = -7*a + 9*a. Suppose 4*l - 48 = 4*u, -4*u + 3 + 9 = a. What are the prime factors of l?
3, 5
Suppose -4*j = -1668 - 1488. List the prime factors of j.
3, 263
Suppose -j - 4*i + 167 = -396, 3*j - 1703 = -5*i. List the prime factors of j.
571
Suppose 24*q + 48 = 28*q. Suppose -7*l + q*l - 430 = 0. List the prime factors of l.
2, 43
Let t = -15 - -29. Let i be (-2)/(-7) - (-318)/t. Suppose 5*h - 12 = i. List the prime factors of h.
7
Let h = -6 + 13. Suppose h*f - 4*f = 6. Suppose -f = -6*n + 5*n. What are the prime factors of n?
2
Let o(w) = w**2 - 1. Let l be 7*(30/7)/5. List the prime factors of o(l).
5, 7
Suppose -v + 2 = 0, 0 = 4*k + 2*v - 6*v - 11008. What are the prime factors of k?
2, 3, 17
Let m = 93 - 56. What are the prime factors of m?
37
Let h(o) = -5*o + 7. Let y be h(6). Let l = -14 - y. Let f = l - -28. List the prime factors of f.
37
Suppose 0 = 3*f + 2*d - 988, -980 = -3*f + 22*d - 20*d. List the prime factors of f.
2, 41
Suppose 4*p - 27 = -3*g, -5*p + 17 = g - p. Suppose -3*i + 3*l + 478 = -l, 4*i + g*l - 689 = 0. List the prime factors of i.
2, 83
Suppose -2*t + 1609 = -11*k + 6*k, 5*k + 3233 = 4*t. What are the prime factors of t?
2, 7, 29
Suppose h - 18 + 16 = 0. Suppose -3*l + 95 = 3*i + 2*l, -h*i + 2*l + 42 = 0. What are the prime factors of i?
5
Suppose 2*f = 3*j + 541, -1115 = 3*f - 7*f - 5*j. List the prime factors of f.
5, 11
Let y = -754 - -197. Let z = -369 - y. What are the prime factors of z?
2, 47
Suppose -5*d + 911 = -2*d - 5*s, 4*d + 3*s = 1205. List the prime factors of d.
2, 151
Let l(q) = q - 6. Let a be l(3). Let o(m) = m**2 - 7. Let r be o(a). List the prime factors of 30 - (-8)/(r - -2).
2
Suppose 0 = -3*a + 554 + 253. Let s = 504 - a. What are the prime factors of s?
5, 47
Suppose -71*f + 3744 = -67*f. List the prime factors of f.
2, 3, 13
Let n(q) = 17*q**2 + 8*q + 5. Let b be n(-4). Suppose k + 4*k - 5*i = -b, i = 4*k + 193. What are the prime factors of (k/(-5))/(5/25)?
2, 3
Suppose -3*i = -6, -2*p + 7*p = i + 8598. What are the prime factors of p?
2, 5, 43
Let y = -330 - -474. Let f = y + -126. List the prime factors of f.
2, 3
Let u(s) = 317*s - 377. List the prime factors of u(7).
2, 3, 307
Let v = -1579 - -2840. List the prime factors of v.
13, 97
Let f(a) be the second derivative of a**5/20 - a**4/12 + a**3/2 + 11*a**2/2 + 3*a. What are the prime factors of f(4)?
71
Suppose -173*m + 742 = -171*m. Suppose -m - 427 = -14*n. List the prime factors of n.
3, 19
Let p(h) = -415*h - 550. What are the prime factors of p(-6)?
2, 5, 97
Suppose 5 - 3 = -w, 5*k = -2*w + 13676. List the prime factors of k.
2, 3, 19
Suppose -2*i = -8*p + 3*p + 10, 3*p = -2*i + 6. Suppose -10*c = -5*c + p*b - 1315, 0 = 5*c - 4*b - 1315. List the prime factors of c.
263
Let k be 0 + -1 - (-13 - -6). What are the prime factors of (-2)/k - 344/18*-3?
3, 19
Let s be 62 + (-5)/(-10)*8. Let o = 10 + s. What are the prime factors of o?
2, 19
Let o(c) = 5*c**2 + 3*c + 1. Let b be o(-4). Let i = -40 + b. List the prime factors of i.
29
Let g(c) = 5*c**3 + c**2 - 2*c - 1. Suppose w - 3*w + 12 = 4*q, 5*q = -w + 12. List the prime factors of g(w).
3, 13
Suppose 0 = k + 3*k. Let w(x) = x**3 + 8*x**2 + 5. Let r be w(-8). Suppose -2*p + 5*s = -20, -2*p + r*p + 3*s - 51 = k. What are the prime factors of p?
3, 5
Let n(q) = q**3 + 6*q**2 + 6*q + 3. Let p be n(-5). Let s be p/(-4) + (-42)/12. List the prime factors of 43*3/(s/(-1)).
43
Let i(k) = 6 - 2 - 168*k - 4 + 3. List the prime factors of i(-1).
3, 19
Let m = 31 - 28. Let o(l) = 18*l - 9. List the prime factors of o(m).
3, 5
Let u = -4 - -8. Suppose -u*b = -14 + 2. Let l(v) = v**2 + 3*v + 1. List the prime factors of l(b).
19
Let i(x) = 8*x**2 - 4*x + 5. Let q be i(3). Let y be -1*(0 - 1)*2. Suppose 3*n - q = -y*n. What are the prime factors of n?
13
Let z = -895 + 1305. List the prime factors of z.
2, 5, 41
Suppose m = -4*p + 149, -p = -4*p + 9. What are the prime factors of m?
137
Suppose -18 = -2*f + 2. Let r = 10 - f. Suppose -2*c + 43 - 1 = r. List the prime factors of c.
3, 7
Let j = -1561 + 6173. List the prime factors of j.
2, 1153
Let n = -35 + 33. Let u(o) = 15*o**2 + o - 3. List the prime factors of u(n).
5, 11
Let l(p) = 18 + 6*p - 6 - 12. List the prime factors of l(1).
2, 3
List the prime factors of 3 - 1 - -2 - (-696)/24.
3, 11
Let i = 58 - 38. Suppose 0 = -4*g + c + 5, 0*c - 4*c - i = 4*g. Suppose g = 9*m - 3*m - 90. List the prime factors of m.
3, 5
Suppose 5*l = -l + 108. Suppose 0 = -3*h + f + 4, 3*h = -5*f + l + 16. List the prime factors of h.
3
Let u(r) = r**3 - 10*r**2 - 15*r + 17. Let w be u(12). Suppose 2*k - 3*z - w = 0, 0 = -5*k + 5*z + 13 + 287. List the prime factors of k.
5, 11
Suppose 0 = -8*j + 4228 + 5988. What are the prime factors of j?
1277
Let q(r) = r**3 - r**2 - 1. Let j be q(2). Let m(y) = -y**3 + 2*y**2 + 4*y - 3. Let n be m(j). Suppose n = 2*s - 6*s + 8. What are the prime factors of s?
2
Suppose 7*n = 3*n + 4200. Suppose -5*f = -3*o + 833, -4*f + 82 = 4*o - n. What are the prime factors of o?
281
Suppose -5*i + 3815 = -l, 8*l - 3052 = -4*i + 5*l. What are the prime factors of i?
7, 109
Suppose 2*h - f = 5482, 5*h - f - 8225 = 2*h. What are the prime factors of h?
13, 211
Suppose 20 = 3*j + j. Let t(z) = 4*z - 6*z - 2 + z + 3*z. What are the prime factors of t(j)?
2
Let r(h) = h - 3. Let m be r(8). Suppose 5*b + s - 23 = 0, m*b + 3*s - 7*s = 33. Suppose -7 = -b*i + 48. List the prime factors of i.
11
Let t be 7 + 6*(-1 - (-2)/3). Let h(i) = 15*i + 6. Let v(m) = -m - 1. Let q(r) = h(r) + 12*v(r). List the prime factors of q(t).
3
Let z = 1485 + -833. List the prime factors of z.
2, 163
Suppose 5*n + 3*f = 235, 0 = 5*n - 5*f - 313 + 78. Let w = 8 - 29. Let z = n + w. What are the prime factors of z?
2, 13
Let i(p) = p**2 - 9*p - 17. Let o be i(11). Suppose 5*q - o*s = 845, -428 = -4*q + 5*s + 244. What are the prime factors of q?
173
Suppose 0 = 2*b - 4*x - 3560, 3*b + 3*x - 5376 = -0*x. What are the prime factors of b?
2, 3, 149
Let u(l) = 110*l**2 + 4*l. Let y(z) = -221*z**2 - 9*z. Let i(q) = 7*u(q) + 3*y(q). What are the prime factors of i(-1)?
2, 53
List the prime factors of ((-517)/55 + -7)/(1/(-75)).
2, 3, 5, 41
Let f = -2719 + 1085. What are the prime factors of (f/(-14) - -2) + (-4)/(-14)?
7, 17
Let l = 93 - -462. What are the prime factors of l?
3, 5, 37
Let g be (2/4)/((-6)/540). Let d be 4 + g*(-1 + 2). Let a = 87 + d. List the prime factors of a.
2, 23
Suppose 5*u - 448 = -5*s + 3767, -3*u + 853 = s. List the prime factors of s.
2, 419
What are the prime factors of (559 + -10)/((-6)/(-4) - 0)?
2, 3, 61
Let m = 153 - 149. Suppose 1911 = 5*a + 5*f + 306, -m*f + 1608 = 5*a. What are the prime factors of a?
2, 3
Let q(h) be the first derivative of -h**4/2 - 8*h**3/3 + 2*h**2 + 29*h - 13. What are the prime factors of q(-6)?
149
Suppose -2*i - v = -1631, 0 = -2*v + 13 - 11. List the prime factors of i.
5, 163
Let f(r) = -r + 35. What are the prime factors of f(-9)?
2, 11
Suppose -n + 49 = -0*n. Let y = n - 26. What are the prime factors of y?
23
Let h = 1168 - 1013. What are the prime factors of h?
5, 31
Let v be -2 + (4 + -3)*10. Let l = 13 - v. Suppose -5*u = 20, 4*u = -l*p - 0*p + 134. List the prime factors of p.
2, 3, 5
Let n = 232 + -214. What are the prime factors of n?
2, 3
Let y(c) be the third derivative of c**5/60 + c**4/8 - 13*c**3/2 + 27*c**2. List the prime factors of y(-16).
13
Let y(w) = -w**2 + 5*w + 7. Let a be y(5). Let i(s) = -4*s + 3 + s**2 + s + 7 - s. List the prime factors of i(a).
31
Let h = -424 - -806. List the prime factors of h.
2, 191
Let t = -1 + 3. Suppose -5*p = -5*o - 140 + 5, -156 = -5*p - t*o. What are the prime factors of 